(y) = -y**3 + 6*y**2 + 6*y + 4. Let l be r(7). List the prime factors of (31/4)/(l/(-12)).
31
Let k be 0 + (-12 - -13)/((-1)/(-2)). Suppose -37 = -k*s + 121. List the prime factors of s.
79
Let k = 2244 + 2688. List the prime factors of k.
2, 3, 137
Let t = 2152 - 1098. What are the prime factors of t?
2, 17, 31
Let q = -10 + 4. Let k be q - 3/(4 + -3). What are the prime factors of 39/4 + k/(-36)?
2, 5
List the prime factors of 21108/21 - -2*(-4)/56.
3, 5, 67
Suppose -3*g - 409 = -5*k + 44, 20 = 5*g. What are the prime factors of k?
3, 31
Let w be (-12)/54 + 2/9. Suppose 0 = -w*z - 3*z - 60. What are the prime factors of (12/(-15))/(2/z)?
2
Let i = 7323 - 5118. List the prime factors of i.
3, 5, 7
Let m(y) = -5681*y**2 - y - 1. Let h be m(-1). Let d be (-4)/30 + h/(-195). Let b = -3 + d. List the prime factors of b.
2, 13
Let g(y) = -y**2 - 6*y - 3. Suppose 4*z = d + d + 20, -2 = 2*d + 2*z. Let u be g(d). Suppose 0*s + 115 = u*s. What are the prime factors of s?
23
Suppose 0 = -3*s - 5*o + o + 1030, -322 = -s + 4*o. What are the prime factors of s?
2, 13
Let f(k) = 56*k**2 + 9*k - 15. List the prime factors of f(3).
2, 3, 43
Let k be (-45)/(-20)*(-88)/2. Let z = 166 + k. What are the prime factors of z?
67
Suppose 5*c + 2 = 17, 5*c - 45 = -5*y. What are the prime factors of y?
2, 3
Let i(s) = -41*s + 141. What are the prime factors of i(-6)?
3, 43
Let u(x) = -61*x**2 + 2 + 59*x**2 + x + x. Let z be u(3). Let l = z - -52. What are the prime factors of l?
2, 3, 7
Let u(v) = -14*v**2 - 5*v + 2. Let c be u(-4). Let y be c/(-6) - (-6)/(-9). Suppose -y + 3 = -3*a. What are the prime factors of a?
2, 5
Let c(w) = 6*w**3 - 2*w**3 - 4*w - 3 + 7*w - 3*w**2. Let i(t) = t**3 + 5*t**2 + 4*t + 2. Let u be i(-4). List the prime factors of c(u).
23
Let x = -44 - -44. Suppose 0 = 4*p + 2*g - 574, 0*p + p + 3*g - 136 = x. List the prime factors of p.
5, 29
Let p(y) = y**2 + 63*y - 478. List the prime factors of p(45).
2, 7, 313
Suppose c + 2*c - 5*z + 44 = 0, 24 = -c + 4*z. What are the prime factors of -2 + 1 + (c - -14)?
5
Let v(l) = 31*l**2 + 6*l - 3. Let m be (10/(-35))/(4/(-28)). What are the prime factors of v(m)?
7, 19
Suppose -11*u = -8*u - 1752. List the prime factors of u.
2, 73
Suppose 0 = 3*s + 5*o - 18382, -7*s + 6*s - 3*o = -6134. List the prime factors of s.
29, 211
Let d(f) = 2*f**2 + 26*f - 9. Let g be d(-17). Let h = 264 - g. What are the prime factors of h?
137
Let p(k) = -11*k**2 - 3*k**3 + 2*k**3 + 1 - 5 - k. Let d(r) = r**2 - 17*r + 49. Let j be d(5). What are the prime factors of p(j)?
7
Let q(p) = p**2 - 3*p + 1. Suppose -t + 4 = -0. Let v be q(t). Suppose -3*o + v*n + 6 = 2*n, -4*o + 13 = -3*n. What are the prime factors of o?
7
Let m be 11 - -3 - (-3 + 2). Let d = m - 11. Suppose -9 = -d*u + 15. What are the prime factors of u?
2, 3
Let v(x) = x**2 - 13*x - 28. Let p be v(15). Suppose 0 = -j - 6 + 9. What are the prime factors of 1 - (1 - j)/p?
2
Let m = 79 + -137. Let s = m - -109. List the prime factors of s.
3, 17
Suppose 10192 = -14*k + 43638. List the prime factors of k.
2389
Suppose 0 = -5*p - 2*a - 39, -5*a + 0*a - 45 = 5*p. List the prime factors of (p - 0)*6/((-36)/30).
5, 7
Let q be (-3 + 7 - 18/4)*14. What are the prime factors of 273 + -9 + (q - -2)?
7, 37
Suppose -5*a + t - 457 + 1716 = 0, -2*t = 3*a - 745. List the prime factors of a.
251
Let v(b) = 5*b**2 - b - 2. Let l be v(-6). Suppose 4*m + 420 = 6*i - 2*i, 2*m + 234 = -4*i. Let y = m + l. What are the prime factors of y?
3, 5
Suppose -17*d + 15*d = -318. Let i be (56/(-5))/((-4)/(-40)). Let u = d + i. What are the prime factors of u?
47
Let b = -13 + 17. Let c = 5 - b. Suppose 3 = -2*y + c, y + 41 = 2*j. What are the prime factors of j?
2, 5
Suppose 2*z + 1313 = -0*g + 5*g, -7*z = 28. List the prime factors of g.
3, 29
Let k = 10690 + -7559. What are the prime factors of k?
31, 101
Let w = 11 + -6. Suppose w*l - 3*t + 71 = -0*t, 3*l = 5*t - 33. What are the prime factors of (1 - -1)*(-72)/l?
3
Let g(m) = -607*m - 5. List the prime factors of g(-2).
3, 13, 31
Let f(j) = j**2 + 9*j - 22. Let a be f(-10). Let s be (2/1)/(-4)*a. List the prime factors of 30/(-1 - (-15)/s).
2, 5
Let j be (-8)/(((-1)/(-298))/(5/(-20))). Suppose 3*t - 3*r - 462 = 0, 2*t = -2*t - r + j. What are the prime factors of t?
2, 3, 5
Suppose -12 = -13*j + 14. Suppose 0 = -j*y + 204 + 114. List the prime factors of y.
3, 53
Suppose 6*b - 3 = 33. Suppose 3*h = 2*h - l + b, -2*h + 3*l + 7 = 0. Suppose 0*i - 115 = -h*i. What are the prime factors of i?
23
Let b(n) = n + 4. Let h be b(-3). Let c be 5 - 1/h*3. What are the prime factors of 1/(c + 33/(-18))?
2, 3
Suppose -2*b - 4 = r - 6*b, b = -4*r + 1. Let l = -7 + r. Let t = l + 32. List the prime factors of t.
5
Let u(l) = 8*l**3 - 2*l**2 + 1. Let j be u(1). Let m = j - 4. Suppose 2*d = 1 + m. List the prime factors of d.
2
Let u = -3 - -56. Suppose 2*m - 3*g - u = 0, -4*m + 3*g = -45 - 70. What are the prime factors of m?
31
Let v(c) = -18*c - 3. Let m be v(-2). Let l be (-6)/m - 171/(-33). List the prime factors of (48/10 - 3)*l.
3
Suppose 0 = 5*g + 2*q - 867, -4 = 7*q - 11*q. List the prime factors of g.
173
Let z be (-14)/(-2) + (-21)/7. Let d = 41 - 25. Suppose a - 9 = z*a, -5*f + 2*a + d = 0. List the prime factors of f.
2
Let z = -11 - -5. Let i(g) = -2*g. Let n be i(z). List the prime factors of -105*(0 - 4/n).
5, 7
Suppose -9 = -4*o - 3*l + 96, -3*o + l = -95. Suppose 2*v - 7*v - o = 0. What are the prime factors of 4/6*v + 49?
3, 5
Let h be ((-6)/(-2))/(21/(-7)). Let o(l) = -75*l - 1. List the prime factors of o(h).
2, 37
Let q(k) = 277*k + 99. What are the prime factors of q(4)?
17, 71
Let v(g) = 3*g**2 + 4*g - 4. Let j = -2 + 5. List the prime factors of v(j).
5, 7
Let r = 134 + -79. Suppose -2*c = o - r, o = -c + 3*o + 30. What are the prime factors of c?
2, 7
Let i(r) = -2*r - 20. Suppose 3*d = 5*m - 23, 4*d - 24 = -4*m + 5*d. Let c be i(m). Let p = 44 - c. What are the prime factors of p?
2, 3, 13
Let g(k) = -2*k + 5. Let c be g(6). Let p(d) = d**2 + 5*d - 1. What are the prime factors of p(c)?
13
Let x(i) = 21*i + 17. Let p be x(-2). What are the prime factors of (-10)/p*5 + 4?
2, 3
Let f = -193 - -451. What are the prime factors of f?
2, 3, 43
Let z be (-44)/(-22) + 1 + -13. What are the prime factors of (3 - 4)/(2/z)?
5
Suppose -3196 = 15*w - 19*w. What are the prime factors of w?
17, 47
Suppose -g + 1027 - 97 = 0. List the prime factors of g.
2, 3, 5, 31
What are the prime factors of 8*((-2)/(-3) + 30532/408)?
2, 151
Let r(s) = 39*s - 581. List the prime factors of r(49).
2, 5, 7, 19
List the prime factors of -2 + -8 + 15 + (1673 - -2).
2, 3, 5, 7
Let s = 211 + 86. What are the prime factors of s?
3, 11
Let t(d) = 18*d + 610. What are the prime factors of t(58)?
2, 827
Let b(w) = -261*w - 140. What are the prime factors of b(-5)?
5, 233
Suppose 37*y + 2*w = 42*y - 6922, 5*w = y - 1366. List the prime factors of y.
2, 3, 7, 11
Suppose 20*l - 4598 - 4542 = 0. List the prime factors of l.
457
What are the prime factors of (-13)/(-156) + 49195/60?
2, 5, 41
Suppose 4*m + 4 = 0, m + 4 + 5 = 4*h. Suppose 2*s = -n - 3*s + 136, -h*s = 6. What are the prime factors of n?
151
List the prime factors of -10 + 7 - (2 + -624).
619
Let p be (2/4)/((-1)/(-10)). Suppose -44 = -5*o - 3*v, -2*o - 2*v + 3*v + 11 = 0. Suppose p*g - o = 8. What are the prime factors of g?
3
Suppose 2746 = 2*h - 3*w, -4*w - 4119 = 80*h - 83*h. What are the prime factors of h?
1373
Let d(p) = 6*p - 14. Let c = 37 - 25. What are the prime factors of d(c)?
2, 29
Let k be 24/(-4) + 2 + 12 + -4. Suppose 3*z - k*y = -2*z + 266, 2*y - 272 = -5*z. List the prime factors of z.
2, 3
Suppose 2*o - 884 = -2*c, -c - 4*o = o - 454. What are the prime factors of c?
439
Let q be 3 + 71*-6 - 6/(-2). Let t = q + 680. What are the prime factors of t?
2, 5, 13
Let s = -344 + 801. List the prime factors of s.
457
Suppose 4*o - 20 = -8. Suppose o*m + 3*g = 69, 4*g - 63 - 53 = -5*m. List the prime factors of m.
2, 3
Suppose 0 = 5*a - 11*a + 2388. List the prime factors of 2/8 + a/8.
2, 5
Let z(l) = -2*l**3 + 4*l**2 - 2. Let m be z(3). Let n(j) = -j**2 - 2*j + 4. Let w be n(-3). What are the prime factors of ((-3)/6)/(w/m)?
2, 5
Let p = 9 - 16. What are the prime factors of (-24)/(-42) - 71